Calculate the highest common factor of 4619965 and 37195.
865
Calculate the highest common factor of 81879 and 44292640.
3899
Calculate the greatest common divisor of 700 and 27823404.
28
What is the greatest common factor of 11056885 and 595?
595
What is the greatest common divisor of 8 and 294906?
2
Calculate the greatest common divisor of 33183 and 603439.
1229
Calculate the greatest common factor of 3421838 and 35.
7
Calculate the greatest common factor of 96320 and 901720.
40
Calculate the greatest common divisor of 16 and 89935656.
8
Calculate the highest common factor of 1498244 and 680680.
748
Calculate the highest common divisor of 128190 and 120.
30
Calculate the highest common divisor of 192839621 and 923.
923
What is the highest common divisor of 3641 and 7119684?
11
Calculate the highest common divisor of 3003329 and 16071.
487
What is the highest common factor of 2775064 and 38?
38
What is the highest common divisor of 198 and 21759606?
198
What is the greatest common factor of 9576 and 35740824?
3192
Calculate the highest common divisor of 12467247 and 13.
13
Calculate the highest common factor of 19667 and 82431.
71
What is the greatest common divisor of 7726382 and 122?
122
Calculate the highest common factor of 26 and 479661962.
26
Calculate the greatest common divisor of 231 and 96294.
33
What is the highest common factor of 1963 and 18382?
13
Calculate the highest common divisor of 1796857412 and 14.
14
Calculate the greatest common divisor of 2414 and 473722.
34
Calculate the greatest common divisor of 55106105 and 505.
505
What is the greatest common divisor of 395004375 and 5625?
5625
Calculate the greatest common factor of 5092 and 254332.
268
Calculate the highest common divisor of 16490032 and 832.
208
What is the highest common divisor of 27387801 and 81?
81
Calculate the greatest common factor of 33215731 and 337.
337
What is the greatest common divisor of 99 and 92794350?
33
What is the greatest common factor of 13171314 and 26?
26
Calculate the greatest common factor of 236727 and 870.
87
What is the highest common divisor of 30950 and 572450?
50
What is the greatest common factor of 13695 and 184011?
249
What is the highest common factor of 1065461 and 104353?
241
Calculate the greatest common divisor of 799 and 130253779.
799
What is the highest common factor of 819 and 12123216?
63
What is the highest common divisor of 1613188 and 2034?
226
What is the greatest common divisor of 8958659 and 62?
31
What is the highest common factor of 418 and 4831282?
38
What is the greatest common divisor of 710 and 584890?
10
Calculate the highest common divisor of 54909094 and 412.
206
Calculate the highest common factor of 230 and 10784608.
46
What is the highest common factor of 228824 and 14992?
8
What is the highest common divisor of 2685 and 462390?
15
Calculate the highest common divisor of 717178 and 70.
14
Calculate the greatest common factor of 23 and 12248351.
23
Calculate the greatest common factor of 20 and 62552260.
20
Calculate the highest common factor of 19274 and 11043128.
46
What is the highest common divisor of 158 and 165420391?
79
What is the greatest common divisor of 298203 and 21?
3
What is the highest common divisor of 2464 and 1506043?
77
Calculate the highest common divisor of 33055 and 8129.
11
Calculate the greatest common divisor of 171 and 726039.
9
What is the greatest common divisor of 38 and 1936651?
19
What is the highest common factor of 272802360 and 160?
40
Calculate the greatest common factor of 856776 and 3679459.
1231
Calculate the highest common divisor of 624960 and 1422.
18
What is the highest common factor of 4042 and 4068832?
86
Calculate the highest common divisor of 434 and 30759874.
62
Calculate the highest common divisor of 338135512 and 28116.
3124
What is the highest common factor of 15820209 and 9?
9
Calculate the greatest common divisor of 53 and 99036277.
53
Calculate the highest common divisor of 20274056 and 176.
88
Calculate the highest common factor of 19214113 and 137.
137
What is the greatest common factor of 2706 and 22215534?
66
What is the greatest common divisor of 13664 and 220?
4
Calculate the greatest common divisor of 14434840 and 3472.
1736
Calculate the greatest common factor of 1002 and 108066.
6
Calculate the greatest common factor of 327437952 and 2688.
384
Calculate the highest common divisor of 198838 and 16502.
74
What is the greatest common divisor of 3705 and 84061510?
1235
Calculate the highest common factor of 36 and 84854388.
12
Calculate the greatest common factor of 1974644 and 8411.
647
What is the highest common factor of 1716785860 and 20?
20
Calculate the greatest common factor of 17 and 1119751512.
17
Calculate the highest common factor of 184 and 57627880.
184
Calculate the highest common divisor of 1053 and 3150745.
13
What is the greatest common divisor of 23043254 and 104?
26
What is the highest common factor of 190076 and 351424?
76
What is the greatest common factor of 10255 and 24496265?
1465
Calculate the greatest common factor of 7155775 and 15400.
275
Calculate the greatest common divisor of 221593350 and 825.
825
What is the highest common divisor of 192998 and 391706?
1142
Calculate the highest common factor of 4035416 and 4928.
616
What is the greatest common factor of 12 and 1348208?
4
Calculate the highest common divisor of 3205 and 8938745.
3205
Calculate the greatest common divisor of 1198243 and 31.
31
What is the greatest common divisor of 34 and 98281556?
34
What is the greatest common divisor of 8694 and 71218350?
2898
Calculate the highest common divisor of 3797839 and 14176.
443
Calculate the highest common divisor of 76665 and 75.
15
What is the highest common divisor of 5157282 and 3774?
222
What is the greatest common factor of 17884856 and 176?
88
What is the greatest common factor of 102200 and 411175?
25
What is the greatest common factor of 16 and 1145?
1
Calculate the greatest common factor of 8509656 and 1224.
408
What is the highest common factor of 2176655 and 1105?
65
Calculate the greatest common divisor of 23981276 and 12584.
44
What is the highest common divisor of 2217920 and 42800?
80
Calculate the greatest common factor of 135343610 and 20.
10
Calculate the greatest common divisor of 25335 and 1611.
9
What is the greatest common divisor of 1654840 and 380?
20
What is the greatest common factor of 9222 and 22370611?
53
Calculate the highest common factor of 1949740 and 260.
260
Calculate the highest common divisor of 2 and 9211800.
2
Calculate the highest common divisor of 1208298 and 936.
78
What is the greatest common divisor of 18 and 726868638?
18
What is the greatest common factor of 1352034 and 132804?
558
What is the highest common factor of 16 and 705529?
1
What is the greatest common factor of 587613 and 9699?
183
What is the greatest common divisor of 19724880 and 348648?
4776
What is the greatest common factor of 37 and 129994?
1
Calculate the highest common factor of 133771 and 285138967.
12161
Calculate the highest common factor of 47918512 and 258.
86
Calculate the highest common divisor of 43962 and 14127.
51
Calculate the greatest common divisor of 38532302 and 187.
17
What is the highest common divisor of 7953 and 15810861?
33
What is the greatest common divisor of 798 and 898282?
266
What is the greatest common factor of 633186 and 277182?
522
Calculate the greatest common factor of 4 and 2151683.
1
Calculate the greatest common divisor of 210 and 1286917506.
42
What is the greatest common divisor of 92796 and 30414?
222
Calculate the greatest common factor of 509323 and 7097.
151
Calculate the highest common divisor of 7767 and 9090842.
863
What is the greatest common factor of 833573 and 148?
37
Calculate the greatest common divisor of 301876220 and 20.
20
Calculate the greatest common divisor of 25138 and 98.
2
What is the highest common divisor of 822 and 262091138?
274
Calculate the greatest common divisor of 965536 and 15367.
11
What is the highest common divisor of 35600395 and 380?
95
What is the greatest common factor of 2543340 and 136770?
2910
Calculate the highest common divisor of 211391544 and 10872.
3624
What is the highest common divisor of 1395703952 and 32?
1